?
587
Let y(q) = -3 + 1 - 13 + 2*q - 5*q. Let n be y(-5). What are the prime factors of (0 + 17 + n)*(-21 + 27)?
2, 3, 17
Suppose 0 = -75*p + 50963 + 746587. List the prime factors of p.
2, 13, 409
Let c(u) = -3*u**3 - 4*u**2 - 2*u - 2. Let f be c(-3). Suppose 2100 = -f*b + 52*b. What are the prime factors of b?
2, 5, 7
Suppose -2*v = q - 32, -107 = 4*q - 4*v - 283. Let u = -41 + q. What are the prime factors of ((-2)/6)/(u/321) + -3?
2, 13
Suppose 0 = 18*z - 17*z - 208. Let m = 612 - z. List the prime factors of m.
2, 101
Let d(o) = -2*o**2 + 32*o + 72. Let r be d(25). Let m = r - -868. What are the prime factors of m?
2, 5, 7
Let r = 20 - -675. Suppose 117*q = 27*q + 13410. Suppose 3*x + x = u - q, 0 = 5*u + 5*x - r. List the prime factors of u.
3, 47
Let o be (-2187 - 1)*(-65)/26. Suppose h + 1098 = 2*h + 3*v, -5*h + 5*v + o = 0. List the prime factors of h.
3, 5, 73
Suppose -177*g = -2730002 - 1386133. What are the prime factors of g?
5, 4651
Let l(k) = 27*k**3 - 18*k**2 + 70*k + 1. What are the prime factors of l(5)?
2, 3, 7, 13
Suppose 0*g - g - 15 = 0. What are the prime factors of ((-280)/g)/(4/54)?
2, 3, 7
Let x = 141471 + -93715. What are the prime factors of x?
2, 11939
Suppose -52421 = -4*g + 3*b - 18064, 4*b + 17176 = 2*g. What are the prime factors of g?
2, 5, 859
Let n = -222 - -232. Let g = n - -377. List the prime factors of g.
3, 43
Let b(k) be the first derivative of 62*k + 13/2*k**2 + 12. What are the prime factors of b(10)?
2, 3
Let b = 23584 + -14796. What are the prime factors of b?
2, 13
Suppose -25*a = -167 + 342. Suppose 0*i + 3*i + 2*p = -62, -4*p = 4*i + 88. Let t = a - i. List the prime factors of t.
11
Suppose 2*z - 8 = 0, -23 = -2*r + 2*z - 79. Let l be (r/(-30))/(1/35). Suppose 3*b + 4*t = l + 336, t + 359 = 3*b. What are the prime factors of b?
2, 3, 5
List the prime factors of (14 - (-53380)/40)*(5 - 1).
2, 3, 29, 31
Let r = -445 - -951. Let z = -435 - -167. Let m = r + z. List the prime factors of m.
2, 7, 17
Let z = 128 - 525. Let q = z - -772. List the prime factors of q.
3, 5
Let p(y) = -y**2 + 23*y + y**2 + 87*y**3 - 27*y - 2*y**2 + 10. List the prime factors of p(2).
2, 3, 5, 23
Suppose i + 4*s = 4687, 4*i + 39*s - 44*s = 18853. List the prime factors of i.
3, 523
Suppose -18*n + 13*n + 25 = 0. Suppose n*a + 5*c = 21 + 334, -3*a = c - 209. Let u = 77 - a. List the prime factors of u.
2
Let m be (9 - 3)*(-15 - -1). What are the prime factors of (2/(-3))/((m/(-2943))/(-14))?
3, 109
Let u = 39406 + 5439. What are the prime factors of u?
5, 8969
List the prime factors of 1/2*(-1 + -61)/((-5)/65).
13, 31
What are the prime factors of (-9718 - -10)/((-183)/122)?
2, 809
Suppose -35*t - 1048704 = -24*t - 27*t. What are the prime factors of t?
2, 3, 2731
Suppose 12*z - 10111 = 15881. What are the prime factors of z?
2, 3, 19
Let m(r) = -2*r**2 + 3*r - 38. Let a be m(27). Let h = -777 - a. List the prime factors of h.
2, 11, 29
Suppose 4*v + 89 = -b - 105, 0 = -2*b - 4*v - 392. Let c = b + 461. List the prime factors of c.
263
Let p(j) = -3*j + 79. Let n be p(28). List the prime factors of (n + 2)*-1 + 186 + 6.
3, 5, 13
Let t(k) = 58*k + k**3 - 43*k**2 - 51 + 6 + 102. List the prime factors of t(42).
3
List the prime factors of (-11298)/4*((-697)/51 - -9).
7, 269
Suppose 123*k - 623077 - 1364496 = 812645. What are the prime factors of k?
2, 11383
Let w(f) = -f**2 - 28*f - 25. Let b be w(-27). Suppose 3*l = 4*n - 845, 0 = -b*l - 5*n - 649 + 55. Let z = l + 524. List the prime factors of z.
3, 79
Suppose 20*b - 297815 + 98170 - 437775 = 0. What are the prime factors of b?
7, 29, 157
Let f = -185 + 193. Suppose g = -2*y + 392, 2*g - 4*g + f = 0. What are the prime factors of y?
2, 97
Let i = 91 + -54. Let b = i + -39. What are the prime factors of 68 + (b - (-2 - -3))?
5, 13
Suppose -445 + 3124 = -3*y. List the prime factors of 2*(-6)/(-24) - y/2.
3, 149
Let m = 492 - 499. Let r(u) = -2*u**3 + 11*u**2 + 25*u - 12. What are the prime factors of r(m)?
2, 3, 173
Suppose -494852 - 707316 = -38*d. List the prime factors of d.
2, 11, 719
Let l be (-4)/22*1 + (-78)/(-429). What are the prime factors of l - 0 - (-83 - 3)?
2, 43
Suppose -2*t - 2*t = -5*q + 21043, -4*q - 4*t = -16784. What are the prime factors of q?
3, 467
Let x be (6/(-5))/(21/(-140)). Suppose -12*s = -x*s - 8. Let u(g) = 80*g + 6. What are the prime factors of u(s)?
2, 83
Let l(p) = -6*p - 18*p + 21 - 4 - 3. What are the prime factors of l(-8)?
2, 103
Let f = -31 - -35. List the prime factors of ((0 - f) + 42)*9/6.
3, 19
Suppose 19*f - 14*f = 5*s + 21175, 0 = -4*s - 4. What are the prime factors of f?
2, 29, 73
Let h be (-1)/(-4) + (-5462)/(-8). Let g = h - 265. List the prime factors of g.
2, 11, 19
Let d = 20616 - 4891. What are the prime factors of d?
5, 17, 37
Let k(p) = 498*p**2 + 517*p - 1033. What are the prime factors of k(2)?
1993
Suppose 0 = -5*r + 15, 14*r - 9*r + 33469 = 4*m. List the prime factors of m.
11, 761
Suppose -2*b = 2*g + 8, -4*g - 8 = 3*b - 7*b. Let o(x) = 813*x**2 + 8*x + 7. List the prime factors of o(b).
2, 7, 29
Let u(i) = -i**3 - 23*i**2 + 20*i - 38. Let l be u(-26). Let g = 3149 - l. What are the prime factors of g?
23, 73
Let i = 179 + -179. Suppose i = 7*r - 1038 - 82. List the prime factors of r.
2, 5
Let i(d) = 2617*d - d**2 - 7 - 2591*d + 2*d**2. List the prime factors of i(20).
11, 83
Let s be -1*(10 - 2)*(-2)/2. What are the prime factors of ((-84)/s)/(-21) - (-1830)/4?
2, 229
Let c be 90 + 6*6/12. Suppose -7 - c = -2*h. List the prime factors of h.
2, 5
Let w = 1398 - 2057. Let p = w + 1173. List the prime factors of p.
2, 257
Let h = 21197 + -13500. What are the prime factors of h?
43, 179
Let x(j) = 67*j**3 - 5*j**2 + 3*j + 8. Let q(k) = 1. Let b(n) = -4*q(n) + x(n). List the prime factors of b(2).
2, 263
Let y(r) = -3*r**3 - 7*r**2 + 4*r - 21. Let c(a) = -a**3 + 5*a**2 + 5*a. Let q be c(6). What are the prime factors of y(q)?
3, 13
Let x = 117305 + -83097. List the prime factors of x.
2, 1069
Suppose 2*p = -c + 11776, 37*c - 40*c + 4*p + 35358 = 0. What are the prime factors of c?
2, 43, 137
Let o = 66868 + -33294. List the prime factors of o.
2, 16787
Suppose 3*l - 4*z - 3612 = 0, l = 4*z - 152 + 1348. Suppose 3*f = -2*i - 0*i + l, -5*i + 3*f = -3062. List the prime factors of i.
2, 5, 61
Suppose -86000 = 55*o - 98*o. List the prime factors of o.
2, 5
Let j be 6 - 8/((-16)/(-6)). Suppose 2*t = -j*a + 4, -t + 2*t + 5 = 2*a. List the prime factors of (9/(-18))/(a/(-44)).
11
Suppose 3*z = -3*a + 16677, 2*a - 22200 - 32 = -4*z. What are the prime factors of z?
5557
Let p be 1 - ((-51)/(-17) + -100 + -1). Suppose 102*q = p*q + 1746. List the prime factors of q.
2, 3, 97
Let c(q) = -25068*q + 2118. List the prime factors of c(-2).
2, 3, 2903
Suppose -x + 2*k + 613 = -193, 0 = 2*k - 2. List the prime factors of x.
2, 101
Let j(r) = 9*r**2 + 55*r + 9. Let w be j(-6). List the prime factors of (134/(-3))/((-2)/w).
67
Let l(n) be the third derivative of n**5/20 - 13*n**4/24 + 2*n**3/3 + 2*n**2 - n. What are the prime factors of l(-5)?
2, 3
Let t(z) = 2*z**3 + 36*z**2 + 56*z + 25. What are the prime factors of t(-13)?
3, 7, 47
Suppose 12*a - 22*a + 61140 = 0. List the prime factors of a.
2, 3, 1019
Let q(r) = 17*r + 24. Let c = 23 - 25. Let z be q(c). What are the prime factors of -1 + -94*2/(8/z)?
2, 3, 13
Suppose u - 19043 = -5*l, -3*u - 1747*l + 57029 = -1752*l. List the prime factors of u.
2, 37, 257
Suppose 14*o - 12*o + 4751 = w, -5*w + 5*o = -23725. What are the prime factors of w?
7, 677
Let g = -212 + 151. Let t = -7 - g. Suppose p - t = -1. What are the prime factors of p?
53
Suppose 0 = 3*v - 7*v + 12. Suppose -u - 2*d + 1 = -13, -v*d + 9 = 0. Suppose -5*o + 3*r + 435 = 0, -3*o - u*r = -3*r - 295. List the prime factors of o.
2, 3, 5
Let b(p) = -36*p - 85. Let s be b(-8). Let q = 766 - s. List the prime factors of q.
563
Let y be (-186)/(-14) - (-4)/(-42)*3. Let b = y + -13. Suppose -3*d - 3 = b, -d = -2*t - 4*d + 179. List the prime factors of t.
7, 13
What are the prime factors of (-162)/243 - 346*242/(-12)?
6977
Suppose -3*f - 33 + 109 = 2*p, 3*p - 2*f - 127 = 0. What are the prime factors of (p/(-3))/((-13)/39)?
41
Suppose -22*d + 10*d + 120120 = 0. Suppose 0 = -11*n + 1661 + d. List the prime factors of n.